{"id":48,"date":"2015-01-12T13:41:22","date_gmt":"2015-01-12T12:41:22","guid":{"rendered":"http:\/\/martabozyk.asp.krakow.pl\/?page_id=48"},"modified":"2025-03-13T12:46:29","modified_gmt":"2025-03-13T11:46:29","slug":"2010-2011","status":"publish","type":"page","link":"https:\/\/martabozyk.asp.krakow.pl\/?page_id=48","title":{"rendered":"Lofoten 2010-2011"},"content":{"rendered":"\n<figure class=\"wp-block-gallery has-nested-images columns-3 is-cropped wp-block-gallery-1 is-layout-flex wp-block-gallery-is-layout-flex\">\n<figure class=\"wp-block-image size-large\"><img loading=\"lazy\" decoding=\"async\" width=\"1024\" height=\"473\" data-id=\"54\" src=\"https:\/\/martabozyk.asp.krakow.pl\/wp-content\/uploads\/2015\/01\/Bozyk_Marta_2_Idea_linoryt_60_136-1024x473.jpg\" alt=\"\" class=\"wp-image-54\" srcset=\"https:\/\/martabozyk.asp.krakow.pl\/wp-content\/uploads\/2015\/01\/Bozyk_Marta_2_Idea_linoryt_60_136-1024x473.jpg 1024w, https:\/\/martabozyk.asp.krakow.pl\/wp-content\/uploads\/2015\/01\/Bozyk_Marta_2_Idea_linoryt_60_136-300x139.jpg 300w, https:\/\/martabozyk.asp.krakow.pl\/wp-content\/uploads\/2015\/01\/Bozyk_Marta_2_Idea_linoryt_60_136.jpg 1161w\" sizes=\"auto, (max-width: 1024px) 100vw, 1024px\" \/><\/figure>\n\n\n\n<figure class=\"wp-block-image size-large\"><img loading=\"lazy\" decoding=\"async\" width=\"1024\" height=\"463\" data-id=\"55\" src=\"https:\/\/martabozyk.asp.krakow.pl\/wp-content\/uploads\/2015\/01\/Bozyk_Marta_2_Proces_linoryt_60_136-1024x463.jpg\" alt=\"\" class=\"wp-image-55\" srcset=\"https:\/\/martabozyk.asp.krakow.pl\/wp-content\/uploads\/2015\/01\/Bozyk_Marta_2_Proces_linoryt_60_136-1024x463.jpg 1024w, https:\/\/martabozyk.asp.krakow.pl\/wp-content\/uploads\/2015\/01\/Bozyk_Marta_2_Proces_linoryt_60_136-300x136.jpg 300w, https:\/\/martabozyk.asp.krakow.pl\/wp-content\/uploads\/2015\/01\/Bozyk_Marta_2_Proces_linoryt_60_136.jpg 1035w\" sizes=\"auto, (max-width: 1024px) 100vw, 1024px\" \/><\/figure>\n\n\n\n<figure class=\"wp-block-image size-large\"><img loading=\"lazy\" decoding=\"async\" width=\"568\" height=\"395\" data-id=\"53\" src=\"https:\/\/martabozyk.asp.krakow.pl\/wp-content\/uploads\/2015\/01\/Marta-Bozyk_Lofoty-II_linoryt_100x70cm_2011.jpg\" alt=\"\" class=\"wp-image-53\" srcset=\"https:\/\/martabozyk.asp.krakow.pl\/wp-content\/uploads\/2015\/01\/Marta-Bozyk_Lofoty-II_linoryt_100x70cm_2011.jpg 568w, https:\/\/martabozyk.asp.krakow.pl\/wp-content\/uploads\/2015\/01\/Marta-Bozyk_Lofoty-II_linoryt_100x70cm_2011-300x209.jpg 300w\" sizes=\"auto, (max-width: 568px) 100vw, 568px\" \/><\/figure>\n\n\n\n<figure class=\"wp-block-image size-large\"><img loading=\"lazy\" decoding=\"async\" width=\"608\" height=\"420\" data-id=\"52\" src=\"https:\/\/martabozyk.asp.krakow.pl\/wp-content\/uploads\/2015\/01\/Marta-Bozyk_Droga-do-Tromso_linoryt_100x70cm_2011.jpg\" alt=\"\" class=\"wp-image-52\" srcset=\"https:\/\/martabozyk.asp.krakow.pl\/wp-content\/uploads\/2015\/01\/Marta-Bozyk_Droga-do-Tromso_linoryt_100x70cm_2011.jpg 608w, https:\/\/martabozyk.asp.krakow.pl\/wp-content\/uploads\/2015\/01\/Marta-Bozyk_Droga-do-Tromso_linoryt_100x70cm_2011-300x207.jpg 300w\" sizes=\"auto, (max-width: 608px) 100vw, 608px\" \/><\/figure>\n\n\n\n<figure class=\"wp-block-image size-large\"><img loading=\"lazy\" decoding=\"async\" width=\"630\" height=\"436\" data-id=\"51\" src=\"https:\/\/martabozyk.asp.krakow.pl\/wp-content\/uploads\/2015\/01\/Marta-Bozyk_Lofoty-I_linoryt_100x70cm_2011.jpg\" alt=\"\" class=\"wp-image-51\" srcset=\"https:\/\/martabozyk.asp.krakow.pl\/wp-content\/uploads\/2015\/01\/Marta-Bozyk_Lofoty-I_linoryt_100x70cm_2011.jpg 630w, https:\/\/martabozyk.asp.krakow.pl\/wp-content\/uploads\/2015\/01\/Marta-Bozyk_Lofoty-I_linoryt_100x70cm_2011-300x208.jpg 300w\" sizes=\"auto, (max-width: 630px) 100vw, 630px\" \/><\/figure>\n<\/figure>\n\n\n\n<p>&#8222;Expedition of Printmakers&#8221;<\/p>\n\n\n\n<p>2010 &#8211; 2011 by\u0142am&nbsp;<strong>koordynatorem artystycznym projektu<\/strong>&nbsp;\u201eEkspedycja Grafik\u00f3w &#8211; inspiracja P\u00f3\u0142nocn\u0105&nbsp;Norwegi\u0105&nbsp;i Ma\u0142opolsk\u0105\u201d. W ramach projektu arty\u015bci odbyli podr\u00f3\u017c i plenery po obu krajach, otwarto 15 wystaw w r\u00f3\u017cnych miastach Polski i Norwegii. Odby\u0142y si\u0119 warsztaty w Tromso Kysten Studio, Svolvaer Kunstnerhuset oraz ASP w Krakowie na Wydziale Grafiki oraz prezentacja artyst\u00f3w w Nordnorsk Kunstnersentre w Svolvaer.<\/p>\n\n\n\n<p>Projekt nr 03\/IV\/2009\/FWK&nbsp;Wsparcie udzielone przez Islandi\u0119, Liechtenstein oraz Norwegi\u0119 poprzez&nbsp;dofinansowanie ze \u015brodk\u00f3w Mechanizmu Finansowego Europejskiego&nbsp;Obszaru Gospodarczego oraz Norweskiego Mechanizmu Finansowego.<\/p>\n","protected":false},"excerpt":{"rendered":"<p>&#8222;Expedition of Printmakers&#8221; 2010 &#8211; 2011 by\u0142am&nbsp;koordynatorem artystycznym projektu&nbsp;\u201eEkspedycja Grafik\u00f3w &#8211; inspiracja P\u00f3\u0142nocn\u0105&nbsp;Norwegi\u0105&nbsp;i Ma\u0142opolsk\u0105\u201d. W.<\/p>\n","protected":false},"author":2,"featured_media":0,"parent":0,"menu_order":2,"comment_status":"open","ping_status":"open","template":"home-panels.php","meta":{"footnotes":""},"class_list":["post-48","page","type-page","status-publish","hentry"],"_links":{"self":[{"href":"https:\/\/martabozyk.asp.krakow.pl\/index.php?rest_route=\/wp\/v2\/pages\/48","targetHints":{"allow":["GET"]}}],"collection":[{"href":"https:\/\/martabozyk.asp.krakow.pl\/index.php?rest_route=\/wp\/v2\/pages"}],"about":[{"href":"https:\/\/martabozyk.asp.krakow.pl\/index.php?rest_route=\/wp\/v2\/types\/page"}],"author":[{"embeddable":true,"href":"https:\/\/martabozyk.asp.krakow.pl\/index.php?rest_route=\/wp\/v2\/users\/2"}],"replies":[{"embeddable":true,"href":"https:\/\/martabozyk.asp.krakow.pl\/index.php?rest_route=%2Fwp%2Fv2%2Fcomments&post=48"}],"version-history":[{"count":6,"href":"https:\/\/martabozyk.asp.krakow.pl\/index.php?rest_route=\/wp\/v2\/pages\/48\/revisions"}],"predecessor-version":[{"id":669,"href":"https:\/\/martabozyk.asp.krakow.pl\/index.php?rest_route=\/wp\/v2\/pages\/48\/revisions\/669"}],"wp:attachment":[{"href":"https:\/\/martabozyk.asp.krakow.pl\/index.php?rest_route=%2Fwp%2Fv2%2Fmedia&parent=48"}],"curies":[{"name":"wp","href":"https:\/\/api.w.org\/{rel}","templated":true}]}}