{"id":547,"date":"2016-09-02T12:21:44","date_gmt":"2016-09-02T10:21:44","guid":{"rendered":"http:\/\/martabozyk.asp.krakow.pl\/?page_id=547"},"modified":"2025-03-21T13:25:31","modified_gmt":"2025-03-21T12:25:31","slug":"obrazypaintings","status":"publish","type":"page","link":"https:\/\/martabozyk.asp.krakow.pl\/?page_id=547","title":{"rendered":"obrazy\/paintings"},"content":{"rendered":"\n<p>11.09.-22.09.2020<br>\u015aMIE\u0106\/\u015aMIER\u0106<br><strong>Grupa 13<\/strong><br>kuratorka: Margerita Vladimirova<br>Sala Bia\u0142a. Tytano, Dolnych M\u0142yn\u00f3w 10.<br>Wystawa towarzyszy\u0142a projektowi <em>Nature is my Homeland<\/em> finansowanemu z NAWA.<br>Wodospad, instalacja, 2020, Marta Bo\u017cyk<\/p>\n\n\n\n<figure class=\"wp-block-gallery has-nested-images columns-default is-cropped wp-block-gallery-1 is-layout-flex wp-block-gallery-is-layout-flex\">\n<figure class=\"wp-block-image size-large\"><a href=\"https:\/\/martabozyk.asp.krakow.pl\/wp-content\/uploads\/2025\/03\/Wodospad-basen-akryl-na-plotnie-100x150cm-2020.jpg\"><img loading=\"lazy\" decoding=\"async\" width=\"217\" height=\"320\" data-id=\"758\" src=\"https:\/\/martabozyk.asp.krakow.pl\/wp-content\/uploads\/2025\/03\/Wodospad-basen-akryl-na-plotnie-100x150cm-2020.jpg\" alt=\"\" class=\"wp-image-758\" srcset=\"https:\/\/martabozyk.asp.krakow.pl\/wp-content\/uploads\/2025\/03\/Wodospad-basen-akryl-na-plotnie-100x150cm-2020.jpg 217w, https:\/\/martabozyk.asp.krakow.pl\/wp-content\/uploads\/2025\/03\/Wodospad-basen-akryl-na-plotnie-100x150cm-2020-203x300.jpg 203w\" sizes=\"auto, (max-width: 217px) 100vw, 217px\" \/><\/a><figcaption class=\"wp-element-caption\">Wodospad &#8211; basen,  akryl na p\u0142\u00f3tnie, 100x150cm, 2020<\/figcaption><\/figure>\n\n\n\n<figure class=\"wp-block-image size-large\"><a href=\"https:\/\/martabozyk.asp.krakow.pl\/wp-content\/uploads\/2025\/03\/WODOSPAD-I_akryl-na-plotnie_2020.jpg\"><img loading=\"lazy\" decoding=\"async\" width=\"246\" height=\"320\" data-id=\"759\" src=\"https:\/\/martabozyk.asp.krakow.pl\/wp-content\/uploads\/2025\/03\/WODOSPAD-I_akryl-na-plotnie_2020.jpg\" alt=\"\" class=\"wp-image-759\" srcset=\"https:\/\/martabozyk.asp.krakow.pl\/wp-content\/uploads\/2025\/03\/WODOSPAD-I_akryl-na-plotnie_2020.jpg 246w, https:\/\/martabozyk.asp.krakow.pl\/wp-content\/uploads\/2025\/03\/WODOSPAD-I_akryl-na-plotnie_2020-231x300.jpg 231w\" sizes=\"auto, (max-width: 246px) 100vw, 246px\" \/><\/a><figcaption class=\"wp-element-caption\">WODOSPAD I_akryl na plotnie_2020<\/figcaption><\/figure>\n\n\n\n<figure class=\"wp-block-image size-large\"><a href=\"https:\/\/martabozyk.asp.krakow.pl\/wp-content\/uploads\/2025\/03\/Wodospad-II-akryl-na-plotnie-91x72cm-2020.jpg\"><img loading=\"lazy\" decoding=\"async\" width=\"248\" height=\"320\" data-id=\"760\" src=\"https:\/\/martabozyk.asp.krakow.pl\/wp-content\/uploads\/2025\/03\/Wodospad-II-akryl-na-plotnie-91x72cm-2020.jpg\" alt=\"\" class=\"wp-image-760\" srcset=\"https:\/\/martabozyk.asp.krakow.pl\/wp-content\/uploads\/2025\/03\/Wodospad-II-akryl-na-plotnie-91x72cm-2020.jpg 248w, https:\/\/martabozyk.asp.krakow.pl\/wp-content\/uploads\/2025\/03\/Wodospad-II-akryl-na-plotnie-91x72cm-2020-233x300.jpg 233w\" sizes=\"auto, (max-width: 248px) 100vw, 248px\" \/><\/a><figcaption class=\"wp-element-caption\">Wodospad II,  akryl na p\u0142\u00f3tnie, 91x72cm, 2020<\/figcaption><\/figure>\n\n\n\n<figure class=\"wp-block-image size-large\"><a href=\"https:\/\/martabozyk.asp.krakow.pl\/wp-content\/uploads\/2025\/03\/Wodospad-III-akryl-na-plotnie-120x91cm-2020.jpg\"><img loading=\"lazy\" decoding=\"async\" width=\"242\" height=\"320\" data-id=\"761\" src=\"https:\/\/martabozyk.asp.krakow.pl\/wp-content\/uploads\/2025\/03\/Wodospad-III-akryl-na-plotnie-120x91cm-2020.jpg\" alt=\"\" class=\"wp-image-761\" srcset=\"https:\/\/martabozyk.asp.krakow.pl\/wp-content\/uploads\/2025\/03\/Wodospad-III-akryl-na-plotnie-120x91cm-2020.jpg 242w, https:\/\/martabozyk.asp.krakow.pl\/wp-content\/uploads\/2025\/03\/Wodospad-III-akryl-na-plotnie-120x91cm-2020-227x300.jpg 227w\" sizes=\"auto, (max-width: 242px) 100vw, 242px\" \/><\/a><figcaption class=\"wp-element-caption\">Wodospad III,  akryl na p\u0142\u00f3tnie, 120x91cm, 2020<\/figcaption><\/figure>\n\n\n\n<figure class=\"wp-block-image size-large\"><a href=\"https:\/\/martabozyk.asp.krakow.pl\/wp-content\/uploads\/2025\/03\/Wodospad-instalacja-2020.jpg\"><img loading=\"lazy\" decoding=\"async\" width=\"320\" height=\"240\" data-id=\"762\" src=\"https:\/\/martabozyk.asp.krakow.pl\/wp-content\/uploads\/2025\/03\/Wodospad-instalacja-2020.jpg\" alt=\"\" class=\"wp-image-762\" srcset=\"https:\/\/martabozyk.asp.krakow.pl\/wp-content\/uploads\/2025\/03\/Wodospad-instalacja-2020.jpg 320w, https:\/\/martabozyk.asp.krakow.pl\/wp-content\/uploads\/2025\/03\/Wodospad-instalacja-2020-300x225.jpg 300w\" sizes=\"auto, (max-width: 320px) 100vw, 320px\" \/><\/a><figcaption class=\"wp-element-caption\">Wodospad, instalacja, 2020<\/figcaption><\/figure>\n<\/figure>\n\n\n\n<p><\/p>\n\n\n\n<p class=\"has-text-align-left\">Mi\u0119dzynarodowa Kolonia Artystyczna w Monastyrze Studenica, Serbia, 2016<\/p>\n\n\n<div id='gallery-1' class='gallery galleryid-547 gallery-columns-2 gallery-size-medium'><figure class='gallery-item'>\n\t\t\t<div class='gallery-icon landscape'>\n\t\t\t\t<a href='https:\/\/martabozyk.asp.krakow.pl\/?attachment_id=550'><img loading=\"lazy\" decoding=\"async\" width=\"300\" height=\"222\" src=\"https:\/\/martabozyk.asp.krakow.pl\/wp-content\/uploads\/2016\/09\/Ispostnica_acrilic-on-canvas-2016_Marta-Bozyk-300x222.jpg\" class=\"attachment-medium size-medium\" alt=\"\" aria-describedby=\"gallery-1-550\" srcset=\"https:\/\/martabozyk.asp.krakow.pl\/wp-content\/uploads\/2016\/09\/Ispostnica_acrilic-on-canvas-2016_Marta-Bozyk-300x222.jpg 300w, https:\/\/martabozyk.asp.krakow.pl\/wp-content\/uploads\/2016\/09\/Ispostnica_acrilic-on-canvas-2016_Marta-Bozyk-768x569.jpg 768w, https:\/\/martabozyk.asp.krakow.pl\/wp-content\/uploads\/2016\/09\/Ispostnica_acrilic-on-canvas-2016_Marta-Bozyk-1024x759.jpg 1024w, https:\/\/martabozyk.asp.krakow.pl\/wp-content\/uploads\/2016\/09\/Ispostnica_acrilic-on-canvas-2016_Marta-Bozyk-e1472814652177.jpg 650w\" sizes=\"auto, (max-width: 300px) 100vw, 300px\" \/><\/a>\n\t\t\t<\/div>\n\t\t\t\t<figcaption class='wp-caption-text gallery-caption' id='gallery-1-550'>\n\t\t\t\tPustelnia \/ Ispostnica, akryl na p\u0142\u00f3tnie \/  acrilic on canvas, 2016\n\t\t\t\t<\/figcaption><\/figure><figure class='gallery-item'>\n\t\t\t<div class='gallery-icon landscape'>\n\t\t\t\t<a href='https:\/\/martabozyk.asp.krakow.pl\/?attachment_id=551'><img loading=\"lazy\" decoding=\"async\" width=\"300\" height=\"211\" src=\"https:\/\/martabozyk.asp.krakow.pl\/wp-content\/uploads\/2016\/09\/Studenica-Monastir_on-canvas-100x70cm_2016_Marta-Bozyk.-300x211.jpg\" class=\"attachment-medium size-medium\" alt=\"\" aria-describedby=\"gallery-1-551\" srcset=\"https:\/\/martabozyk.asp.krakow.pl\/wp-content\/uploads\/2016\/09\/Studenica-Monastir_on-canvas-100x70cm_2016_Marta-Bozyk.-300x211.jpg 300w, https:\/\/martabozyk.asp.krakow.pl\/wp-content\/uploads\/2016\/09\/Studenica-Monastir_on-canvas-100x70cm_2016_Marta-Bozyk.-768x540.jpg 768w, https:\/\/martabozyk.asp.krakow.pl\/wp-content\/uploads\/2016\/09\/Studenica-Monastir_on-canvas-100x70cm_2016_Marta-Bozyk.-1024x720.jpg 1024w, https:\/\/martabozyk.asp.krakow.pl\/wp-content\/uploads\/2016\/09\/Studenica-Monastir_on-canvas-100x70cm_2016_Marta-Bozyk.-e1472814667203.jpg 650w\" sizes=\"auto, (max-width: 300px) 100vw, 300px\" \/><\/a>\n\t\t\t<\/div>\n\t\t\t\t<figcaption class='wp-caption-text gallery-caption' id='gallery-1-551'>\n\t\t\t\tKlasztor w Studenicy \/ Studenica Monastir, akryl na p\u0142\u00f3tnie \/  acrilic on canvas, 70 x 100 cm, 2016\n\t\t\t\t<\/figcaption><\/figure><figure class='gallery-item'>\n\t\t\t<div class='gallery-icon landscape'>\n\t\t\t\t<a href='https:\/\/martabozyk.asp.krakow.pl\/?attachment_id=552'><img loading=\"lazy\" decoding=\"async\" width=\"300\" height=\"208\" src=\"https:\/\/martabozyk.asp.krakow.pl\/wp-content\/uploads\/2016\/09\/Studenica_on-canvas-100x70cm_2016_Marta-Bozyk.-300x208.jpg\" class=\"attachment-medium size-medium\" alt=\"\" aria-describedby=\"gallery-1-552\" srcset=\"https:\/\/martabozyk.asp.krakow.pl\/wp-content\/uploads\/2016\/09\/Studenica_on-canvas-100x70cm_2016_Marta-Bozyk.-300x208.jpg 300w, https:\/\/martabozyk.asp.krakow.pl\/wp-content\/uploads\/2016\/09\/Studenica_on-canvas-100x70cm_2016_Marta-Bozyk.-768x533.jpg 768w, https:\/\/martabozyk.asp.krakow.pl\/wp-content\/uploads\/2016\/09\/Studenica_on-canvas-100x70cm_2016_Marta-Bozyk.-1024x711.jpg 1024w, https:\/\/martabozyk.asp.krakow.pl\/wp-content\/uploads\/2016\/09\/Studenica_on-canvas-100x70cm_2016_Marta-Bozyk.-e1472814678788.jpg 650w\" sizes=\"auto, (max-width: 300px) 100vw, 300px\" \/><\/a>\n\t\t\t<\/div>\n\t\t\t\t<figcaption class='wp-caption-text gallery-caption' id='gallery-1-552'>\n\t\t\t\tStudenica, akryl na p\u0142\u00f3tnie \/  acrylic on canvas, 70 x 100 cm, 2016\n\t\t\t\t<\/figcaption><\/figure><figure class='gallery-item'>\n\t\t\t<div class='gallery-icon landscape'>\n\t\t\t\t<a href='https:\/\/martabozyk.asp.krakow.pl\/?attachment_id=553'><img loading=\"lazy\" decoding=\"async\" width=\"300\" height=\"204\" src=\"https:\/\/martabozyk.asp.krakow.pl\/wp-content\/uploads\/2016\/09\/Walk-with-Biliana-Studenica-Monastir_on-canvas-100x70cm_2016_Marta-Bozyk.-300x204.jpg\" class=\"attachment-medium size-medium\" alt=\"\" aria-describedby=\"gallery-1-553\" srcset=\"https:\/\/martabozyk.asp.krakow.pl\/wp-content\/uploads\/2016\/09\/Walk-with-Biliana-Studenica-Monastir_on-canvas-100x70cm_2016_Marta-Bozyk.-300x204.jpg 300w, https:\/\/martabozyk.asp.krakow.pl\/wp-content\/uploads\/2016\/09\/Walk-with-Biliana-Studenica-Monastir_on-canvas-100x70cm_2016_Marta-Bozyk.-768x523.jpg 768w, https:\/\/martabozyk.asp.krakow.pl\/wp-content\/uploads\/2016\/09\/Walk-with-Biliana-Studenica-Monastir_on-canvas-100x70cm_2016_Marta-Bozyk.-1024x698.jpg 1024w, https:\/\/martabozyk.asp.krakow.pl\/wp-content\/uploads\/2016\/09\/Walk-with-Biliana-Studenica-Monastir_on-canvas-100x70cm_2016_Marta-Bozyk.-e1472814689823.jpg 650w\" sizes=\"auto, (max-width: 300px) 100vw, 300px\" \/><\/a>\n\t\t\t<\/div>\n\t\t\t\t<figcaption class='wp-caption-text gallery-caption' id='gallery-1-553'>\n\t\t\t\tSpacer z Biljian\u0105 \/ Walk with Biliana Studenica Monastir, akryl na p\u0142\u00f3tnie \/on canvas, 70 x 100 cm, 2016\n\t\t\t\t<\/figcaption><\/figure>\n\t\t<\/div>\n\n\n\n<p><\/p>\n","protected":false},"excerpt":{"rendered":"<p>11.09.-22.09.2020\u015aMIE\u0106\/\u015aMIER\u0106Grupa 13kuratorka: Margerita VladimirovaSala Bia\u0142a. Tytano, Dolnych M\u0142yn\u00f3w 10.Wystawa towarzyszy\u0142a projektowi Nature is my Homeland.<\/p>\n","protected":false},"author":2,"featured_media":0,"parent":0,"menu_order":0,"comment_status":"closed","ping_status":"closed","template":"","meta":{"footnotes":""},"class_list":["post-547","page","type-page","status-publish","hentry"],"_links":{"self":[{"href":"https:\/\/martabozyk.asp.krakow.pl\/index.php?rest_route=\/wp\/v2\/pages\/547","targetHints":{"allow":["GET"]}}],"collection":[{"href":"https:\/\/martabozyk.asp.krakow.pl\/index.php?rest_route=\/wp\/v2\/pages"}],"about":[{"href":"https:\/\/martabozyk.asp.krakow.pl\/index.php?rest_route=\/wp\/v2\/types\/page"}],"author":[{"embeddable":true,"href":"https:\/\/martabozyk.asp.krakow.pl\/index.php?rest_route=\/wp\/v2\/users\/2"}],"replies":[{"embeddable":true,"href":"https:\/\/martabozyk.asp.krakow.pl\/index.php?rest_route=%2Fwp%2Fv2%2Fcomments&post=547"}],"version-history":[{"count":5,"href":"https:\/\/martabozyk.asp.krakow.pl\/index.php?rest_route=\/wp\/v2\/pages\/547\/revisions"}],"predecessor-version":[{"id":765,"href":"https:\/\/martabozyk.asp.krakow.pl\/index.php?rest_route=\/wp\/v2\/pages\/547\/revisions\/765"}],"wp:attachment":[{"href":"https:\/\/martabozyk.asp.krakow.pl\/index.php?rest_route=%2Fwp%2Fv2%2Fmedia&parent=547"}],"curies":[{"name":"wp","href":"https:\/\/api.w.org\/{rel}","templated":true}]}}