{"id":864,"date":"2025-03-27T15:46:54","date_gmt":"2025-03-27T14:46:54","guid":{"rendered":"https:\/\/martabozyk.asp.krakow.pl\/?page_id=864"},"modified":"2025-03-27T17:41:04","modified_gmt":"2025-03-27T16:41:04","slug":"stopien-niepoznania-degree-of-unrecognition","status":"publish","type":"page","link":"https:\/\/martabozyk.asp.krakow.pl\/?page_id=864","title":{"rendered":"Stopie\u0144 Niepoznania \/ Degree of Unrecognition"},"content":{"rendered":"<div>Stopie\u0144 Niepoznania \/ <i>Degree of Unrecognition<\/i><\/div>\n<div>wystawa zbiorowa\/group exhibition<\/div>\n<div>kurator\/curator: Kasia Skrobiszewska<\/div>\n<div>galeria Centrum Edukacji Przyrodniczej UJ, Krak\u00f3w, Poland, 2019<\/div>\n<div><i>CEP Gallery UJ, Krakow, Poland, 2019<\/i><\/div>\n<div><\/div>\n<div>\n<div id='gallery-1' class='gallery galleryid-864 gallery-columns-3 gallery-size-medium'><figure class='gallery-item'>\n\t\t\t<div class='gallery-icon landscape'>\n\t\t\t\t<a href='https:\/\/martabozyk.asp.krakow.pl\/?attachment_id=866'><img loading=\"lazy\" decoding=\"async\" width=\"300\" height=\"225\" src=\"https:\/\/martabozyk.asp.krakow.pl\/wp-content\/uploads\/2025\/03\/IMG_5565-300x225.jpg\" class=\"attachment-medium size-medium\" alt=\"\" aria-describedby=\"gallery-1-866\" srcset=\"https:\/\/martabozyk.asp.krakow.pl\/wp-content\/uploads\/2025\/03\/IMG_5565-300x225.jpg 300w, https:\/\/martabozyk.asp.krakow.pl\/wp-content\/uploads\/2025\/03\/IMG_5565-1024x768.jpg 1024w, https:\/\/martabozyk.asp.krakow.pl\/wp-content\/uploads\/2025\/03\/IMG_5565-768x576.jpg 768w, https:\/\/martabozyk.asp.krakow.pl\/wp-content\/uploads\/2025\/03\/IMG_5565-1536x1152.jpg 1536w, https:\/\/martabozyk.asp.krakow.pl\/wp-content\/uploads\/2025\/03\/IMG_5565.jpg 1600w\" sizes=\"auto, (max-width: 300px) 100vw, 300px\" \/><\/a>\n\t\t\t<\/div>\n\t\t\t\t<figcaption class='wp-caption-text gallery-caption' id='gallery-1-866'>\n\t\t\t\tPie\u015b\u0144 ple\u015bni, obiekty z papieru, 2019\n\t\t\t\t<\/figcaption><\/figure><figure class='gallery-item'>\n\t\t\t<div class='gallery-icon landscape'>\n\t\t\t\t<a href='https:\/\/martabozyk.asp.krakow.pl\/?attachment_id=868'><img loading=\"lazy\" decoding=\"async\" width=\"300\" height=\"225\" src=\"https:\/\/martabozyk.asp.krakow.pl\/wp-content\/uploads\/2025\/03\/IMG_5872-300x225.jpg\" class=\"attachment-medium size-medium\" alt=\"\" aria-describedby=\"gallery-1-868\" srcset=\"https:\/\/martabozyk.asp.krakow.pl\/wp-content\/uploads\/2025\/03\/IMG_5872-300x225.jpg 300w, https:\/\/martabozyk.asp.krakow.pl\/wp-content\/uploads\/2025\/03\/IMG_5872-1024x768.jpg 1024w, https:\/\/martabozyk.asp.krakow.pl\/wp-content\/uploads\/2025\/03\/IMG_5872-768x576.jpg 768w, https:\/\/martabozyk.asp.krakow.pl\/wp-content\/uploads\/2025\/03\/IMG_5872-1536x1152.jpg 1536w, https:\/\/martabozyk.asp.krakow.pl\/wp-content\/uploads\/2025\/03\/IMG_5872.jpg 1600w\" sizes=\"auto, (max-width: 300px) 100vw, 300px\" \/><\/a>\n\t\t\t<\/div>\n\t\t\t\t<figcaption class='wp-caption-text gallery-caption' id='gallery-1-868'>\n\t\t\t\tPr\u00f3bki, papier z jeansu i celulozy\n\t\t\t\t<\/figcaption><\/figure><figure class='gallery-item'>\n\t\t\t<div class='gallery-icon landscape'>\n\t\t\t\t<a href='https:\/\/martabozyk.asp.krakow.pl\/?attachment_id=869'><img loading=\"lazy\" decoding=\"async\" width=\"300\" height=\"225\" src=\"https:\/\/martabozyk.asp.krakow.pl\/wp-content\/uploads\/2025\/03\/IMG_5875-300x225.jpg\" class=\"attachment-medium size-medium\" alt=\"\" aria-describedby=\"gallery-1-869\" srcset=\"https:\/\/martabozyk.asp.krakow.pl\/wp-content\/uploads\/2025\/03\/IMG_5875-300x225.jpg 300w, https:\/\/martabozyk.asp.krakow.pl\/wp-content\/uploads\/2025\/03\/IMG_5875-1024x768.jpg 1024w, https:\/\/martabozyk.asp.krakow.pl\/wp-content\/uploads\/2025\/03\/IMG_5875-768x576.jpg 768w, https:\/\/martabozyk.asp.krakow.pl\/wp-content\/uploads\/2025\/03\/IMG_5875-1536x1152.jpg 1536w, https:\/\/martabozyk.asp.krakow.pl\/wp-content\/uploads\/2025\/03\/IMG_5875.jpg 1600w\" sizes=\"auto, (max-width: 300px) 100vw, 300px\" \/><\/a>\n\t\t\t<\/div>\n\t\t\t\t<figcaption class='wp-caption-text gallery-caption' id='gallery-1-869'>\n\t\t\t\t\u015blad, ryt w styrodurze\n\t\t\t\t<\/figcaption><\/figure><figure class='gallery-item'>\n\t\t\t<div class='gallery-icon portrait'>\n\t\t\t\t<a href='https:\/\/martabozyk.asp.krakow.pl\/?attachment_id=865'><img loading=\"lazy\" decoding=\"async\" width=\"225\" height=\"300\" src=\"https:\/\/martabozyk.asp.krakow.pl\/wp-content\/uploads\/2025\/03\/IMG_5542-225x300.jpg\" class=\"attachment-medium size-medium\" alt=\"\" aria-describedby=\"gallery-1-865\" srcset=\"https:\/\/martabozyk.asp.krakow.pl\/wp-content\/uploads\/2025\/03\/IMG_5542-225x300.jpg 225w, https:\/\/martabozyk.asp.krakow.pl\/wp-content\/uploads\/2025\/03\/IMG_5542.jpg 240w\" sizes=\"auto, (max-width: 225px) 100vw, 225px\" \/><\/a>\n\t\t\t<\/div>\n\t\t\t\t<figcaption class='wp-caption-text gallery-caption' id='gallery-1-865'>\n\t\t\t\tZielnik mojego dziadka Eugeniusza Bo\u017cyka z moimi kolorowankami, 1980Herbarium of my grandfather Eugeniusz Bo\u017cyk with my colours, 1980\n\t\t\t\t<\/figcaption><\/figure><figure class='gallery-item'>\n\t\t\t<div class='gallery-icon portrait'>\n\t\t\t\t<a href='https:\/\/martabozyk.asp.krakow.pl\/?attachment_id=867'><img loading=\"lazy\" decoding=\"async\" width=\"225\" height=\"300\" src=\"https:\/\/martabozyk.asp.krakow.pl\/wp-content\/uploads\/2025\/03\/IMG_5566-225x300.jpg\" class=\"attachment-medium size-medium\" alt=\"\" aria-describedby=\"gallery-1-867\" srcset=\"https:\/\/martabozyk.asp.krakow.pl\/wp-content\/uploads\/2025\/03\/IMG_5566-225x300.jpg 225w, https:\/\/martabozyk.asp.krakow.pl\/wp-content\/uploads\/2025\/03\/IMG_5566-768x1024.jpg 768w, https:\/\/martabozyk.asp.krakow.pl\/wp-content\/uploads\/2025\/03\/IMG_5566-1152x1536.jpg 1152w, https:\/\/martabozyk.asp.krakow.pl\/wp-content\/uploads\/2025\/03\/IMG_5566.jpg 1200w\" sizes=\"auto, (max-width: 225px) 100vw, 225px\" \/><\/a>\n\t\t\t<\/div>\n\t\t\t\t<figcaption class='wp-caption-text gallery-caption' id='gallery-1-867'>\n\t\t\t\tjaja dinozaura\n\t\t\t\t<\/figcaption><\/figure>\n\t\t<\/div>\n\n<\/div>\n","protected":false},"excerpt":{"rendered":"<p>Stopie\u0144 Niepoznania \/ Degree of Unrecognition wystawa zbiorowa\/group exhibition kurator\/curator: Kasia Skrobiszewska galeria Centrum Edukacji.<\/p>\n","protected":false},"author":2,"featured_media":0,"parent":0,"menu_order":0,"comment_status":"closed","ping_status":"closed","template":"","meta":{"footnotes":""},"class_list":["post-864","page","type-page","status-publish","hentry"],"_links":{"self":[{"href":"https:\/\/martabozyk.asp.krakow.pl\/index.php?rest_route=\/wp\/v2\/pages\/864","targetHints":{"allow":["GET"]}}],"collection":[{"href":"https:\/\/martabozyk.asp.krakow.pl\/index.php?rest_route=\/wp\/v2\/pages"}],"about":[{"href":"https:\/\/martabozyk.asp.krakow.pl\/index.php?rest_route=\/wp\/v2\/types\/page"}],"author":[{"embeddable":true,"href":"https:\/\/martabozyk.asp.krakow.pl\/index.php?rest_route=\/wp\/v2\/users\/2"}],"replies":[{"embeddable":true,"href":"https:\/\/martabozyk.asp.krakow.pl\/index.php?rest_route=%2Fwp%2Fv2%2Fcomments&post=864"}],"version-history":[{"count":2,"href":"https:\/\/martabozyk.asp.krakow.pl\/index.php?rest_route=\/wp\/v2\/pages\/864\/revisions"}],"predecessor-version":[{"id":990,"href":"https:\/\/martabozyk.asp.krakow.pl\/index.php?rest_route=\/wp\/v2\/pages\/864\/revisions\/990"}],"wp:attachment":[{"href":"https:\/\/martabozyk.asp.krakow.pl\/index.php?rest_route=%2Fwp%2Fv2%2Fmedia&parent=864"}],"curies":[{"name":"wp","href":"https:\/\/api.w.org\/{rel}","templated":true}]}}